{"id":107,"date":"2024-07-25T13:22:19","date_gmt":"2024-07-25T11:22:19","guid":{"rendered":"http:\/\/2024.duesseldorf-loerick.de\/schuetzen\/?page_id=107"},"modified":"2025-07-24T13:54:49","modified_gmt":"2025-07-24T11:54:49","slug":"vorstand-der-bruderschaft-3","status":"publish","type":"page","link":"http:\/\/2024.duesseldorf-loerick.de\/schuetzen\/vorstand-der-bruderschaft-3\/","title":{"rendered":"Vorstand der Bruderschaft"},"content":{"rendered":"\n<p><\/p>\n\n\n\n<h4 class=\"wp-block-heading\">Gesch\u00e4ftsf\u00fchrender Vorstand<\/h4>\n\n\n\n<div class=\"wp-block-media-text is-stacked-on-mobile\" style=\"grid-template-columns:15% auto\"><figure class=\"wp-block-media-text__media\"><img loading=\"lazy\" decoding=\"async\" width=\"200\" height=\"230\" src=\"http:\/\/2024.duesseldorf-loerick.de\/schuetzen\/wp-content\/uploads\/2025\/05\/Thomas_Hummelsbeck_2025.png\" alt=\"\" class=\"wp-image-760 size-full\"\/><\/figure><div class=\"wp-block-media-text__content\">\n<h4 class=\"wp-block-heading\">1. Brudermeister<\/h4>\n\n\n\n<h3 class=\"wp-block-heading\">Thomas Hummelsbeck<\/h3>\n<\/div><\/div>\n\n\n\n<div style=\"height:40px\" aria-hidden=\"true\" class=\"wp-block-spacer\"><\/div>\n\n\n\n<div class=\"wp-block-media-text is-stacked-on-mobile\" style=\"grid-template-columns:15% auto\"><figure class=\"wp-block-media-text__media\"><img loading=\"lazy\" decoding=\"async\" width=\"200\" height=\"231\" src=\"http:\/\/2024.duesseldorf-loerick.de\/schuetzen\/wp-content\/uploads\/2024\/07\/Stephan-Speit.png\" alt=\"\" class=\"wp-image-41 size-full\"\/><\/figure><div class=\"wp-block-media-text__content\">\n<h4 class=\"wp-block-heading\">2. Brudermeister<\/h4>\n\n\n\n<h3 class=\"wp-block-heading\">Stephan Speit<\/h3>\n<\/div><\/div>\n\n\n\n<div style=\"height:40px\" aria-hidden=\"true\" class=\"wp-block-spacer\"><\/div>\n\n\n\n<div class=\"wp-block-media-text is-stacked-on-mobile\" style=\"grid-template-columns:15% auto\"><figure class=\"wp-block-media-text__media\"><img loading=\"lazy\" decoding=\"async\" width=\"200\" height=\"230\" src=\"http:\/\/2024.duesseldorf-loerick.de\/schuetzen\/wp-content\/uploads\/2025\/05\/Werner_Rieche_2025.png\" alt=\"\" class=\"wp-image-761 size-full\"\/><\/figure><div class=\"wp-block-media-text__content\">\n<h4 class=\"wp-block-heading\">1. Gesch\u00e4ftsf\u00fchrer &amp; Datenschutzbeauftragter<\/h4>\n\n\n\n<h3 class=\"wp-block-heading\">Werner Rieche<\/h3>\n<\/div><\/div>\n\n\n\n<div style=\"height:40px\" aria-hidden=\"true\" class=\"wp-block-spacer\"><\/div>\n\n\n\n<div class=\"wp-block-media-text is-stacked-on-mobile\" style=\"grid-template-columns:15% auto\"><figure class=\"wp-block-media-text__media\"><img loading=\"lazy\" decoding=\"async\" width=\"200\" height=\"231\" src=\"http:\/\/2024.duesseldorf-loerick.de\/schuetzen\/wp-content\/uploads\/2024\/07\/Armin-Gerz.png\" alt=\"\" class=\"wp-image-40 size-full\"\/><\/figure><div class=\"wp-block-media-text__content\">\n<h4 class=\"wp-block-heading\">1. Kassierer<\/h4>\n\n\n\n<h3 class=\"wp-block-heading\">Armin Gerz<\/h3>\n<\/div><\/div>\n\n\n\n<div style=\"height:60px\" aria-hidden=\"true\" class=\"wp-block-spacer\"><\/div>\n\n\n\n<h4 class=\"wp-block-heading\">Erweiterter Vorstand<\/h4>\n\n\n\n<div class=\"wp-block-media-text is-stacked-on-mobile\" style=\"grid-template-columns:15% auto\"><figure class=\"wp-block-media-text__media\"><img loading=\"lazy\" decoding=\"async\" width=\"200\" height=\"200\" src=\"http:\/\/2024.duesseldorf-loerick.de\/schuetzen\/wp-content\/uploads\/2024\/07\/praeses.png\" alt=\"\" class=\"wp-image-64 size-full\" srcset=\"http:\/\/2024.duesseldorf-loerick.de\/schuetzen\/wp-content\/uploads\/2024\/07\/praeses.png 200w, http:\/\/2024.duesseldorf-loerick.de\/schuetzen\/wp-content\/uploads\/2024\/07\/praeses-150x150.png 150w\" sizes=\"auto, (max-width: 200px) 100vw, 200px\" \/><\/figure><div class=\"wp-block-media-text__content\">\n<h4 class=\"wp-block-heading\">Pr\u00e4ses der Bruderschaft<\/h4>\n\n\n\n<h3 class=\"wp-block-heading\">Pastor Reiner Spiegel<\/h3>\n<\/div><\/div>\n\n\n\n<div style=\"height:40px\" aria-hidden=\"true\" class=\"wp-block-spacer\"><\/div>\n\n\n\n<div class=\"wp-block-media-text is-stacked-on-mobile\" style=\"grid-template-columns:15% auto\"><figure class=\"wp-block-media-text__media\"><img loading=\"lazy\" decoding=\"async\" width=\"200\" height=\"300\" src=\"http:\/\/2024.duesseldorf-loerick.de\/schuetzen\/wp-content\/uploads\/2025\/06\/Saitta.jpg\" alt=\"\" class=\"wp-image-776 size-full\"\/><\/figure><div class=\"wp-block-media-text__content\">\n<h4 class=\"wp-block-heading\">Protektor der Bruderschaft<\/h4>\n\n\n\n<h3 class=\"wp-block-heading\">Guiseppe Saitta<\/h3>\n<\/div><\/div>\n\n\n\n<div style=\"height:36px\" aria-hidden=\"true\" class=\"wp-block-spacer\"><\/div>\n\n\n\n<div class=\"wp-block-media-text is-stacked-on-mobile\" style=\"grid-template-columns:15% auto\"><figure class=\"wp-block-media-text__media\"><img loading=\"lazy\" decoding=\"async\" width=\"200\" height=\"200\" src=\"http:\/\/2024.duesseldorf-loerick.de\/schuetzen\/wp-content\/uploads\/2024\/07\/Michael-Wagner.png\" alt=\"\" class=\"wp-image-68 size-full\" srcset=\"http:\/\/2024.duesseldorf-loerick.de\/schuetzen\/wp-content\/uploads\/2024\/07\/Michael-Wagner.png 200w, http:\/\/2024.duesseldorf-loerick.de\/schuetzen\/wp-content\/uploads\/2024\/07\/Michael-Wagner-150x150.png 150w\" sizes=\"auto, (max-width: 200px) 100vw, 200px\" \/><\/figure><div class=\"wp-block-media-text__content\">\n<h4 class=\"wp-block-heading\">Chefadjutant<\/h4>\n\n\n\n<h3 class=\"wp-block-heading\">Michael Wagner<\/h3>\n<\/div><\/div>\n\n\n\n<div style=\"height:40px\" aria-hidden=\"true\" class=\"wp-block-spacer\"><\/div>\n\n\n\n<div class=\"wp-block-media-text is-stacked-on-mobile\" style=\"grid-template-columns:15% auto\"><figure class=\"wp-block-media-text__media\"><img loading=\"lazy\" decoding=\"async\" width=\"200\" height=\"163\" src=\"http:\/\/2024.duesseldorf-loerick.de\/schuetzen\/wp-content\/uploads\/2024\/07\/honert_neu.jpg\" alt=\"\" class=\"wp-image-70 size-full\"\/><\/figure><div class=\"wp-block-media-text__content\">\n<h4 class=\"wp-block-heading\">1. Platzmeister<\/h4>\n\n\n\n<h3 class=\"wp-block-heading\">Heiner Honert<\/h3>\n<\/div><\/div>\n\n\n\n<div style=\"height:40px\" aria-hidden=\"true\" class=\"wp-block-spacer\"><\/div>\n\n\n\n<div class=\"wp-block-media-text is-stacked-on-mobile\" style=\"grid-template-columns:15% auto\"><figure class=\"wp-block-media-text__media\"><img loading=\"lazy\" decoding=\"async\" width=\"200\" height=\"200\" src=\"http:\/\/2024.duesseldorf-loerick.de\/schuetzen\/wp-content\/uploads\/2024\/07\/Michael-Fischer.png\" alt=\"\" class=\"wp-image-71 size-full\" srcset=\"http:\/\/2024.duesseldorf-loerick.de\/schuetzen\/wp-content\/uploads\/2024\/07\/Michael-Fischer.png 200w, http:\/\/2024.duesseldorf-loerick.de\/schuetzen\/wp-content\/uploads\/2024\/07\/Michael-Fischer-150x150.png 150w\" sizes=\"auto, (max-width: 200px) 100vw, 200px\" \/><\/figure><div class=\"wp-block-media-text__content\">\n<h4 class=\"wp-block-heading\">1. Schie\u00dfmeister<\/h4>\n\n\n\n<h3 class=\"wp-block-heading\">Michael Fischer<\/h3>\n<\/div><\/div>\n\n\n\n<div style=\"height:40px\" aria-hidden=\"true\" class=\"wp-block-spacer\"><\/div>\n\n\n\n<div class=\"wp-block-media-text is-stacked-on-mobile\" style=\"grid-template-columns:15% auto\"><figure class=\"wp-block-media-text__media\"><img loading=\"lazy\" decoding=\"async\" width=\"200\" height=\"200\" src=\"http:\/\/2024.duesseldorf-loerick.de\/schuetzen\/wp-content\/uploads\/2024\/07\/Marco-Eisheuer.png\" alt=\"\" class=\"wp-image-75 size-full\" srcset=\"http:\/\/2024.duesseldorf-loerick.de\/schuetzen\/wp-content\/uploads\/2024\/07\/Marco-Eisheuer.png 200w, http:\/\/2024.duesseldorf-loerick.de\/schuetzen\/wp-content\/uploads\/2024\/07\/Marco-Eisheuer-150x150.png 150w\" sizes=\"auto, (max-width: 200px) 100vw, 200px\" \/><\/figure><div class=\"wp-block-media-text__content\">\n<h4 class=\"wp-block-heading\">2. Gesch\u00e4ftsf\u00fchrer<\/h4>\n\n\n\n<h3 class=\"wp-block-heading\">Marco Eisheuer<\/h3>\n<\/div><\/div>\n\n\n\n<div style=\"height:40px\" aria-hidden=\"true\" class=\"wp-block-spacer\"><\/div>\n\n\n\n<div class=\"wp-block-media-text is-stacked-on-mobile\" style=\"grid-template-columns:15% auto\"><figure class=\"wp-block-media-text__media\"><img loading=\"lazy\" decoding=\"async\" width=\"200\" height=\"230\" src=\"http:\/\/2024.duesseldorf-loerick.de\/schuetzen\/wp-content\/uploads\/2025\/05\/Tapani_Dohm_2025.png\" alt=\"\" class=\"wp-image-759 size-full\"\/><\/figure><div class=\"wp-block-media-text__content\">\n<h4 class=\"wp-block-heading\">2. Kassierer<\/h4>\n\n\n\n<h3 class=\"wp-block-heading\">Tapani Dohm<\/h3>\n<\/div><\/div>\n\n\n\n<div style=\"height:40px\" aria-hidden=\"true\" class=\"wp-block-spacer\"><\/div>\n\n\n\n<div class=\"wp-block-media-text is-stacked-on-mobile\" style=\"grid-template-columns:15% auto\"><figure class=\"wp-block-media-text__media\"><img loading=\"lazy\" decoding=\"async\" width=\"200\" height=\"200\" src=\"http:\/\/2024.duesseldorf-loerick.de\/schuetzen\/wp-content\/uploads\/2024\/07\/Platzhalter5.jpg\" alt=\"\" class=\"wp-image-133 size-full\" srcset=\"http:\/\/2024.duesseldorf-loerick.de\/schuetzen\/wp-content\/uploads\/2024\/07\/Platzhalter5.jpg 200w, http:\/\/2024.duesseldorf-loerick.de\/schuetzen\/wp-content\/uploads\/2024\/07\/Platzhalter5-150x150.jpg 150w\" sizes=\"auto, (max-width: 200px) 100vw, 200px\" \/><\/figure><div class=\"wp-block-media-text__content\">\n<h4 class=\"wp-block-heading\">2. Platzmeister<\/h4>\n\n\n\n<h3 class=\"wp-block-heading\">Thomas Koehler<\/h3>\n<\/div><\/div>\n\n\n\n<div style=\"height:41px\" aria-hidden=\"true\" class=\"wp-block-spacer\"><\/div>\n\n\n\n<div class=\"wp-block-media-text is-stacked-on-mobile\" style=\"grid-template-columns:15% auto\"><figure class=\"wp-block-media-text__media\"><img loading=\"lazy\" decoding=\"async\" width=\"200\" height=\"200\" src=\"http:\/\/2024.duesseldorf-loerick.de\/schuetzen\/wp-content\/uploads\/2024\/07\/Sascha-Offeroth.png\" alt=\"\" class=\"wp-image-86 size-full\" srcset=\"http:\/\/2024.duesseldorf-loerick.de\/schuetzen\/wp-content\/uploads\/2024\/07\/Sascha-Offeroth.png 200w, http:\/\/2024.duesseldorf-loerick.de\/schuetzen\/wp-content\/uploads\/2024\/07\/Sascha-Offeroth-150x150.png 150w\" sizes=\"auto, (max-width: 200px) 100vw, 200px\" \/><\/figure><div class=\"wp-block-media-text__content\">\n<h4 class=\"wp-block-heading\">2. Schie\u00dfmeister<\/h4>\n\n\n\n<h3 class=\"wp-block-heading\">Sascha Offeroth<\/h3>\n<\/div><\/div>\n\n\n\n<div style=\"height:40px\" aria-hidden=\"true\" class=\"wp-block-spacer\"><\/div>\n\n\n\n<h4 class=\"wp-block-heading\">Beisitzer<\/h4>\n\n\n\n<ul class=\"wp-block-list\">\n<li>Helmut Deu\u00dfen<\/li>\n\n\n\n<li>Jonas Beuse<\/li>\n\n\n\n<li>Florian Johnen<\/li>\n\n\n\n<li>Sophia Moll<\/li>\n<\/ul>\n","protected":false},"excerpt":{"rendered":"<p>Gesch\u00e4ftsf\u00fchrender Vorstand 1. Brudermeister Thomas Hummelsbeck 2. Brudermeister Stephan Speit 1. Gesch\u00e4ftsf\u00fchrer &amp; Datenschutzbeauftragter Werner Rieche 1. Kassierer Armin Gerz Erweiterter Vorstand Pr\u00e4ses der Bruderschaft Pastor Reiner Spiegel Protektor der Bruderschaft Guiseppe Saitta Chefadjutant Michael Wagner 1. Platzmeister Heiner Honert 1. Schie\u00dfmeister Michael Fischer 2. Gesch\u00e4ftsf\u00fchrer Marco Eisheuer 2. Kassierer Tapani Dohm 2. Platzmeister Thomas &#8230; <a title=\"Vorstand der Bruderschaft\" class=\"read-more\" href=\"http:\/\/2024.duesseldorf-loerick.de\/schuetzen\/vorstand-der-bruderschaft-3\/\" aria-label=\"Mehr Informationen \u00fcber Vorstand der Bruderschaft\">Weiterlesen<\/a><\/p>\n","protected":false},"author":1,"featured_media":0,"parent":0,"menu_order":0,"comment_status":"closed","ping_status":"closed","template":"","meta":{"footnotes":""},"class_list":["post-107","page","type-page","status-publish"],"_links":{"self":[{"href":"http:\/\/2024.duesseldorf-loerick.de\/schuetzen\/wp-json\/wp\/v2\/pages\/107","targetHints":{"allow":["GET"]}}],"collection":[{"href":"http:\/\/2024.duesseldorf-loerick.de\/schuetzen\/wp-json\/wp\/v2\/pages"}],"about":[{"href":"http:\/\/2024.duesseldorf-loerick.de\/schuetzen\/wp-json\/wp\/v2\/types\/page"}],"author":[{"embeddable":true,"href":"http:\/\/2024.duesseldorf-loerick.de\/schuetzen\/wp-json\/wp\/v2\/users\/1"}],"replies":[{"embeddable":true,"href":"http:\/\/2024.duesseldorf-loerick.de\/schuetzen\/wp-json\/wp\/v2\/comments?post=107"}],"version-history":[{"count":10,"href":"http:\/\/2024.duesseldorf-loerick.de\/schuetzen\/wp-json\/wp\/v2\/pages\/107\/revisions"}],"predecessor-version":[{"id":943,"href":"http:\/\/2024.duesseldorf-loerick.de\/schuetzen\/wp-json\/wp\/v2\/pages\/107\/revisions\/943"}],"wp:attachment":[{"href":"http:\/\/2024.duesseldorf-loerick.de\/schuetzen\/wp-json\/wp\/v2\/media?parent=107"}],"curies":[{"name":"wp","href":"https:\/\/api.w.org\/{rel}","templated":true}]}}

<p></p>



<h4 class="wp-block-heading">Geschäftsführender Vorstand</h4>



<div class="wp-block-media-text is-stacked-on-mobile" style="grid-template-columns:15% auto"><figure class="wp-block-media-text__media"><img loading="lazy" decoding="async" width="200" height="230" src="http://2024.duesseldorf-loerick.de/schuetzen/wp-content/uploads/2025/05/Thomas_Hummelsbeck_2025.png" alt="" class="wp-image-760 size-full"/></figure><div class="wp-block-media-text__content">
<h4 class="wp-block-heading">1. Brudermeister</h4>



<h3 class="wp-block-heading">Thomas Hummelsbeck</h3>
</div></div>



<div style="height:40px" aria-hidden="true" class="wp-block-spacer"></div>



<div class="wp-block-media-text is-stacked-on-mobile" style="grid-template-columns:15% auto"><figure class="wp-block-media-text__media"><img loading="lazy" decoding="async" width="200" height="231" src="http://2024.duesseldorf-loerick.de/schuetzen/wp-content/uploads/2024/07/Stephan-Speit.png" alt="" class="wp-image-41 size-full"/></figure><div class="wp-block-media-text__content">
<h4 class="wp-block-heading">2. Brudermeister</h4>



<h3 class="wp-block-heading">Stephan Speit</h3>
</div></div>



<div style="height:40px" aria-hidden="true" class="wp-block-spacer"></div>



<div class="wp-block-media-text is-stacked-on-mobile" style="grid-template-columns:15% auto"><figure class="wp-block-media-text__media"><img loading="lazy" decoding="async" width="200" height="230" src="http://2024.duesseldorf-loerick.de/schuetzen/wp-content/uploads/2025/05/Werner_Rieche_2025.png" alt="" class="wp-image-761 size-full"/></figure><div class="wp-block-media-text__content">
<h4 class="wp-block-heading">1. Geschäftsführer &amp; Datenschutzbeauftragter</h4>



<h3 class="wp-block-heading">Werner Rieche</h3>
</div></div>



<div style="height:40px" aria-hidden="true" class="wp-block-spacer"></div>



<div class="wp-block-media-text is-stacked-on-mobile" style="grid-template-columns:15% auto"><figure class="wp-block-media-text__media"><img loading="lazy" decoding="async" width="200" height="231" src="http://2024.duesseldorf-loerick.de/schuetzen/wp-content/uploads/2024/07/Armin-Gerz.png" alt="" class="wp-image-40 size-full"/></figure><div class="wp-block-media-text__content">
<h4 class="wp-block-heading">1. Kassierer</h4>



<h3 class="wp-block-heading">Armin Gerz</h3>
</div></div>



<div style="height:60px" aria-hidden="true" class="wp-block-spacer"></div>



<h4 class="wp-block-heading">Erweiterter Vorstand</h4>



<div class="wp-block-media-text is-stacked-on-mobile" style="grid-template-columns:15% auto"><figure class="wp-block-media-text__media"><img loading="lazy" decoding="async" width="200" height="200" src="http://2024.duesseldorf-loerick.de/schuetzen/wp-content/uploads/2024/07/praeses.png" alt="" class="wp-image-64 size-full" srcset="http://2024.duesseldorf-loerick.de/schuetzen/wp-content/uploads/2024/07/praeses.png 200w, http://2024.duesseldorf-loerick.de/schuetzen/wp-content/uploads/2024/07/praeses-150x150.png 150w" sizes="auto, (max-width: 200px) 100vw, 200px" /></figure><div class="wp-block-media-text__content">
<h4 class="wp-block-heading">Präses der Bruderschaft</h4>



<h3 class="wp-block-heading">Pastor Reiner Spiegel</h3>
</div></div>



<div style="height:40px" aria-hidden="true" class="wp-block-spacer"></div>



<div class="wp-block-media-text is-stacked-on-mobile" style="grid-template-columns:15% auto"><figure class="wp-block-media-text__media"><img loading="lazy" decoding="async" width="200" height="300" src="http://2024.duesseldorf-loerick.de/schuetzen/wp-content/uploads/2025/06/Saitta.jpg" alt="" class="wp-image-776 size-full"/></figure><div class="wp-block-media-text__content">
<h4 class="wp-block-heading">Protektor der Bruderschaft</h4>



<h3 class="wp-block-heading">Guiseppe Saitta</h3>
</div></div>



<div style="height:36px" aria-hidden="true" class="wp-block-spacer"></div>



<div class="wp-block-media-text is-stacked-on-mobile" style="grid-template-columns:15% auto"><figure class="wp-block-media-text__media"><img loading="lazy" decoding="async" width="200" height="200" src="http://2024.duesseldorf-loerick.de/schuetzen/wp-content/uploads/2024/07/Michael-Wagner.png" alt="" class="wp-image-68 size-full" srcset="http://2024.duesseldorf-loerick.de/schuetzen/wp-content/uploads/2024/07/Michael-Wagner.png 200w, http://2024.duesseldorf-loerick.de/schuetzen/wp-content/uploads/2024/07/Michael-Wagner-150x150.png 150w" sizes="auto, (max-width: 200px) 100vw, 200px" /></figure><div class="wp-block-media-text__content">
<h4 class="wp-block-heading">Chefadjutant</h4>



<h3 class="wp-block-heading">Michael Wagner</h3>
</div></div>



<div style="height:40px" aria-hidden="true" class="wp-block-spacer"></div>



<div class="wp-block-media-text is-stacked-on-mobile" style="grid-template-columns:15% auto"><figure class="wp-block-media-text__media"><img loading="lazy" decoding="async" width="200" height="163" src="http://2024.duesseldorf-loerick.de/schuetzen/wp-content/uploads/2024/07/honert_neu.jpg" alt="" class="wp-image-70 size-full"/></figure><div class="wp-block-media-text__content">
<h4 class="wp-block-heading">1. Platzmeister</h4>



<h3 class="wp-block-heading">Heiner Honert</h3>
</div></div>



<div style="height:40px" aria-hidden="true" class="wp-block-spacer"></div>



<div class="wp-block-media-text is-stacked-on-mobile" style="grid-template-columns:15% auto"><figure class="wp-block-media-text__media"><img loading="lazy" decoding="async" width="200" height="200" src="http://2024.duesseldorf-loerick.de/schuetzen/wp-content/uploads/2024/07/Michael-Fischer.png" alt="" class="wp-image-71 size-full" srcset="http://2024.duesseldorf-loerick.de/schuetzen/wp-content/uploads/2024/07/Michael-Fischer.png 200w, http://2024.duesseldorf-loerick.de/schuetzen/wp-content/uploads/2024/07/Michael-Fischer-150x150.png 150w" sizes="auto, (max-width: 200px) 100vw, 200px" /></figure><div class="wp-block-media-text__content">
<h4 class="wp-block-heading">1. Schießmeister</h4>



<h3 class="wp-block-heading">Michael Fischer</h3>
</div></div>



<div style="height:40px" aria-hidden="true" class="wp-block-spacer"></div>



<div class="wp-block-media-text is-stacked-on-mobile" style="grid-template-columns:15% auto"><figure class="wp-block-media-text__media"><img loading="lazy" decoding="async" width="200" height="200" src="http://2024.duesseldorf-loerick.de/schuetzen/wp-content/uploads/2024/07/Marco-Eisheuer.png" alt="" class="wp-image-75 size-full" srcset="http://2024.duesseldorf-loerick.de/schuetzen/wp-content/uploads/2024/07/Marco-Eisheuer.png 200w, http://2024.duesseldorf-loerick.de/schuetzen/wp-content/uploads/2024/07/Marco-Eisheuer-150x150.png 150w" sizes="auto, (max-width: 200px) 100vw, 200px" /></figure><div class="wp-block-media-text__content">
<h4 class="wp-block-heading">2. Geschäftsführer</h4>



<h3 class="wp-block-heading">Marco Eisheuer</h3>
</div></div>



<div style="height:40px" aria-hidden="true" class="wp-block-spacer"></div>



<div class="wp-block-media-text is-stacked-on-mobile" style="grid-template-columns:15% auto"><figure class="wp-block-media-text__media"><img loading="lazy" decoding="async" width="200" height="230" src="http://2024.duesseldorf-loerick.de/schuetzen/wp-content/uploads/2025/05/Tapani_Dohm_2025.png" alt="" class="wp-image-759 size-full"/></figure><div class="wp-block-media-text__content">
<h4 class="wp-block-heading">2. Kassierer</h4>



<h3 class="wp-block-heading">Tapani Dohm</h3>
</div></div>



<div style="height:40px" aria-hidden="true" class="wp-block-spacer"></div>



<div class="wp-block-media-text is-stacked-on-mobile" style="grid-template-columns:15% auto"><figure class="wp-block-media-text__media"><img loading="lazy" decoding="async" width="200" height="200" src="http://2024.duesseldorf-loerick.de/schuetzen/wp-content/uploads/2024/07/Platzhalter5.jpg" alt="" class="wp-image-133 size-full" srcset="http://2024.duesseldorf-loerick.de/schuetzen/wp-content/uploads/2024/07/Platzhalter5.jpg 200w, http://2024.duesseldorf-loerick.de/schuetzen/wp-content/uploads/2024/07/Platzhalter5-150x150.jpg 150w" sizes="auto, (max-width: 200px) 100vw, 200px" /></figure><div class="wp-block-media-text__content">
<h4 class="wp-block-heading">2. Platzmeister</h4>



<h3 class="wp-block-heading">Thomas Koehler</h3>
</div></div>



<div style="height:41px" aria-hidden="true" class="wp-block-spacer"></div>



<div class="wp-block-media-text is-stacked-on-mobile" style="grid-template-columns:15% auto"><figure class="wp-block-media-text__media"><img loading="lazy" decoding="async" width="200" height="200" src="http://2024.duesseldorf-loerick.de/schuetzen/wp-content/uploads/2024/07/Sascha-Offeroth.png" alt="" class="wp-image-86 size-full" srcset="http://2024.duesseldorf-loerick.de/schuetzen/wp-content/uploads/2024/07/Sascha-Offeroth.png 200w, http://2024.duesseldorf-loerick.de/schuetzen/wp-content/uploads/2024/07/Sascha-Offeroth-150x150.png 150w" sizes="auto, (max-width: 200px) 100vw, 200px" /></figure><div class="wp-block-media-text__content">
<h4 class="wp-block-heading">2. Schießmeister</h4>



<h3 class="wp-block-heading">Sascha Offeroth</h3>
</div></div>



<div style="height:40px" aria-hidden="true" class="wp-block-spacer"></div>



<h4 class="wp-block-heading">Beisitzer</h4>



<ul class="wp-block-list">
<li>Helmut Deußen</li>



<li>Jonas Beuse</li>



<li>Florian Johnen</li>



<li>Sophia Moll</li>
</ul>

<p>Geschäftsführender Vorstand 1. Brudermeister Thomas Hummelsbeck 2. Brudermeister Stephan Speit 1. Geschäftsführer &amp; Datenschutzbeauftragter Werner Rieche 1. Kassierer Armin Gerz Erweiterter Vorstand Präses der Bruderschaft Pastor Reiner Spiegel Protektor der Bruderschaft Guiseppe Saitta Chefadjutant Michael Wagner 1. Platzmeister Heiner Honert 1. Schießmeister Michael Fischer 2. Geschäftsführer Marco Eisheuer 2. Kassierer Tapani Dohm 2. Platzmeister Thomas &#8230; <a title="Vorstand der Bruderschaft" class="read-more" href="http://2024.duesseldorf-loerick.de/schuetzen/vorstand-der-bruderschaft-3/" aria-label="Mehr Informationen über Vorstand der Bruderschaft">Weiterlesen</a></p>
